a composite number?
False
Is 262044059 composite?
True
Is 11959463 a prime number?
False
Is 3907697 a prime number?
False
Is 622135 a prime number?
False
Is 7265759 composite?
False
Is 1709221 a prime number?
False
Is 552469 composite?
False
Is 173650093 composite?
True
Is 70692259 composite?
True
Is 90946633 prime?
True
Is 6139351 prime?
True
Is 25427387 a prime number?
True
Is 14413829 prime?
True
Is 62461 a composite number?
True
Is 78403529 composite?
False
Is 992497 composite?
True
Is 1378693 a composite number?
True
Is 4971955 composite?
True
Is 103830406 a prime number?
False
Is 5217753 prime?
False
Is 1718854441 a composite number?
False
Is 567349 composite?
True
Is 251843 a composite number?
False
Is 66535673 prime?
True
Is 4802293 a composite number?
False
Is 19120721 composite?
False
Is 64813897 prime?
True
Is 608327 a prime number?
False
Is 1576153 composite?
True
Is 72947839 a composite number?
True
Is 13543031 prime?
True
Is 1716971 prime?
True
Is 5417821 a prime number?
False
Is 1944083 prime?
False
Is 5694334 a composite number?
True
Is 720631 a composite number?
True
Is 9677417 prime?
True
Is 31733869 composite?
False
Is 17718631 prime?
False
Is 16197229 a prime number?
True
Is 5409503 composite?
True
Is 42522481 a prime number?
True
Is 5941594 composite?
True
Is 25802311 prime?
False
Is 25199101 a prime number?
True
Is 275857417 a prime number?
False
Is 4608929 composite?
True
Is 1978187 prime?
False
Is 468300563 a prime number?
False
Is 3188291 a composite number?
False
Is 16396801 a composite number?
False
Is 33783037 prime?
True
Is 20734157 composite?
False
Is 16758551 a prime number?
False
Is 81338161 prime?
True
Is 34981742 prime?
False
Is 22585829 a composite number?
True
Is 130815371 a composite number?
True
Is 47565131 a composite number?
False
Is 146094239 prime?
False
Is 87582613 a composite number?
False
Is 19219601 composite?
False
Is 698923 a prime number?
True
Is 38272057 a prime number?
True
Is 42578017 composite?
False
Is 157193531 a composite number?
True
Is 2351441 composite?
False
Is 4230769 composite?
True
Is 5006927 prime?
False
Is 1430479 a prime number?
True
Is 47773717 prime?
False
Is 157361 a composite number?
True
Is 11369129 a composite number?
True
Is 411293 composite?
True
Is 29038769 composite?
False
Is 9925111 a composite number?
True
Is 3935243 a prime number?
False
Is 27114761 composite?
False
Is 225756143 composite?
True
Is 14974139 prime?
True
Is 63787679 a prime number?
False
Is 142867399 prime?
False
Is 75487111 a composite number?
True
Is 1542535 prime?
False
Is 233094391 prime?
True
Is 14412187 prime?
False
Is 71952521 a composite number?
False
Is 45047183 a prime number?
False
Is 11832703 a composite number?
False
Is 7233407 a composite number?
False
Is 390931942 prime?
False
Is 71385079 composite?
False
Is 369399967 prime?
False
Is 69891929 composite?
False
Is 66891343 prime?
False
Is 819101 composite?
False
Is 3127283 prime?
False
Is 34809613 composite?
False
Is 4613278 composite?
True
Is 70630697 prime?
True
Is 5104069 composite?
True
Is 11429053 a composite number?
True
Is 173374843 composite?
False
Is 120703 a composite number?
True
Is 915953 a prime number?
False
Is 1220147 a composite number?
False
Is 7220779 a composite number?
True
Is 341381017 a prime number?
True
Is 14291759 a composite number?
True
Is 56883467 a composite number?
True
Is 9765451 composite?
True
Is 2227019 composite?
False
Is 14328826 prime?
False
Is 2041639 a composite number?
False
Is 641625313 composite?
True
Is 9107717 prime?
True
Is 6482017 prime?
True
Is 304450489 a composite number?
True
Is 538907 prime?
False
Is 19731653 a prime number?
True
Is 48776359 composite?
False
Is 5801849 prime?
True
Is 153447479 composite?
False
Is 2233477 a prime number?
False
Is 26769 prime?
False
Is 117729061 a composite number?
False
Is 20990299 prime?
False
Is 3148087 prime?
False
Is 26126729 a composite number?
True
Is 674551 a composite number?
False
Is 37876571 composite?
True
Is 1061526277 a composite number?
True
Is 11208203 a composite number?
True
Is 764717 a prime number?
True
Is 24103069 composite?
True
Is 4280741 composite?
False
Is 1826779 a prime number?
False
Is 9980387 composite?
True
Is 61524653 a prime number?
True
Is 447656753 a composite number?
False
Is 610186 composite?
True
Is 78761301 a prime number?
False
Is 13180031 composite?
False
Is 255396979 composite?
False
Is 139070537 prime?
True
Is 13678997 prime?
False
Is 7819293 a composite number?
True
Is 34589411 prime?
False
Is 64705609 a composite number?
False
Is 79765923 composite?
True
Is 7351189 a prime number?
True
Is 9958081 composite?
True
Is 44297086 a prime number?
False
Is 7901863 a composite number?
False
Is 32486483 composite?
True
Is 255295673 a composite number?
True
Is 2076731 prime?
True
Is 11361913 prime?
False
Is 6833591 a composite number?
False
Is 5117401 a prime number?
True
Is 7652903 a prime number?
False
Is 21695111 prime?
False
Is 5633239 a prime number?
False
Is 433243 prime?
False
Is 9397643 prime?
True
Is 14732111 a prime number?
False
Is 8723137 a prime number?
True
Is 17054921 a prime number?
False
Is 39761257 a prime number?
True
Is 2159767 composite?
False
Is 543293 prime?
False
Is 2159557 prime?
True
Is 145428827 composite?
True
Is 224011 composite?
False
Is 16438967 composite?
False
Is 5008807 composite?
False
Is 162447599 composite?
True
Is 76452773 prime?
True
Is 1610396497 a composite number?
True
Is 3869711 prime?
False
Is 301613 a prime number?
False
Is 7809743 a composite number?
True
Is 58643315 a composite number?
True
Is 47332489 prime?
False
Is 39072415 a composite number?
True
Is 2280013 a prime number?
False
Is 2399081 a prime number?
True
Is 104229187 composite?
False
Is 102670787 a prime number?
True
Is 15798847 prime?
True
Is 975274 composite?
True
Is 1123313 composite?
True
Is 125660027 prime?
False
Is 3328961 composite?
False
Is 171526423 a prime number?
True
Is 4001303 a composite number?
False
Is 2711923 prime?
False
Is 55735907 prime?
True
Is 3788209 a prime number?
True
Is 16285807 prime?
True
Is 16085353 prime?
True
Is 16135079 composite?
True
Is 568219 prime?
False
Is 2675369 prime?
True
Is 76335839 composite?
False
Is 154909 composite?
True
Is 51796447 prime?
True
Is 83342293 composite?
False
Is 531665791 a prime number?
False
Is 1247738407 a prime number?
False
Is 293727209 a prime number?
True
Is 48678197 a composite number?
False
Is 96643 a prime number?
True
Is 37765087 composite?
False
Is 7394809 prime?
True
Is 47093591 prime?
True
Is 40904039 a prime number?
False
Is 125788811 a composite number?
False
Is 1993591 composite?
False
Is 404803 composite?
True
Is 473413351 prime?
False
Is 12730793 composite?
False
Is 90656827 prime?
False
Is 2822879 a composite number?
False
Is 15189791 a prime number?
True
Is 5580767 prime?
True
Is 208837 prime?
True
Is 17754407 composite?
True
Is 13040827 composite?
False
Is 893401 prime?
False
Is 38252083 a prime number?
True
Is 7128787 a composite number?
True
Is 527221 prime?
False
Is 41703 a composite number?
True
Is 530407877 composite?
False
Is 35862917 a composite number?
False
Is 893476517 composite?
False
Is 31820873 prime?
False
Is 1269547 composite?
False
Is 42078143 a prime number?
True
Is 84421853 a prime number?
False
Is 5771237 composite?
False
Is 1145666 composite?
True
Is 237989 prime?
False
Is 38113 composite?
False
Is 28020793 prime?
True
Is 70014229 a composite number?
True
Is 2784533 composite?
False
Is 1095473 prime?
False
Is 4008143 a prime number?
True
Is 65311673 prime?
False
Is 98707201 composite?
False
Is 864389 a composite number?
True
Is 17794681 composite?
False
Is 284176943 a composite number?
True
Is 548021 composite?
True
Is 2013071 prime?
True
Is 12157007 a composite number?
True
Is 37839911 a composite number?
False
Is 20374721 prime?
False
Is 18039955 prime?
False
Is 69392783 a composite number?
True
Is 3541441 a prime number?
True
Is 3851359 a composite number?
False
Is 18574889 a prime number?
True
Is 132539159 composite?
False
Is 35082067 prime?
False
Is 100789327 prime?
True
Is 3960943 a prime number?
False
Is 115457 prime?
False
Is 6149035 prime?
False
Is 815670771 composite?
True
Is 44388317 prime?
False
Is 95